-13 - 13*v**3 + 8*v**3 + 49 + 8*v**2 - 8*v. Let r(c) = -8*s(c) - 3*x(c). Give r(0).
-12
Let d(m) = 3*m - 2. Let o be ((-5)/2)/(10/20). Determine d(o).
-17
Let d(h) = -5*h. Let y(k) = -k - 5. Let n be y(-6). Give d(n).
-5
Let c(g) = 7*g**2 - 2*g + 1. Let l = 7 + -6. Let p be 6/(-30) - l/(-5). Let h be -1 - (p + -3 + 1). What is c(h)?
6
Suppose 0 = u + 4, -u + 4 = 3*f - 1. Let q(l) be the second derivative of 0 + l + 1/20*l**5 + 2*l**2 + 1/12*l**4 + 0*l**f. Give q(0).
4
Let n(g) = -37*g**2 - g**3 + 38*g**2 + 0 + 0 - g. Let t(i) = i**2 - 7*i + 8. Let m be t(6). Determine n(m).
-6
Suppose 0 = -3*i - 3*k + 9, -6*i = -2*i + k - 9. Let g be (6/9*3)/i. Let o(w) = 3*w - 4 - 2*w - g. What is o(0)?
-5
Let g(r) = -2*r - 1. Suppose -6 = 2*j + 4. Give g(j).
9
Let g(f) = -f. Let s(c) = -7*c**2 - 3*c. Let i(t) = -2*g(t) + s(t). What is i(-1)?
-6
Suppose 2*z = 2*r - 0*z - 20, -15 = -r + 2*z. Suppose -g = -4*v + 14, 3*g - r = -2*g + 5*v. Let t(b) = b + 8. Give t(g).
14
Let q(m) be the second derivative of -m**4/12 - 3*m**3/2 + 3*m**2/2 + 22*m. What is q(-9)?
3
Suppose 4*a + i = 7*a + 12, -3*i + 24 = -5*a. Let c(b) = -20*b - 20*b + 38*b. Let t be c(a). Let m(f) = -3*f + 8. Calculate m(t).
-10
Let i(x) = -8*x**3 - 13*x**2 - 7. Let y(p) = -7*p**3 - 12*p**2 - 7. Let z(f) = -6*i(f) + 7*y(f). Calculate z(-6).
-7
Let a(m) = m**2 + 4*m + 6. Let j be a(-4). Let l(b) = b + 2. Let d(i) = -1. Let u(r) = 10*d(r) + 2*l(r). What is u(j)?
6
Suppose 32*t = 36*t + 24. Let g(n) = n**2 + 8*n + 3. What is g(t)?
-9
Suppose 0 = -4*v - 3 - 5. Suppose 4*i - 3 - 5 = 0. Let j = i + v. Let p(w) = w + 7. Calculate p(j).
7
Let f = -11 + 8. Let y(p) = p**2 - p - 3. Give y(f).
9
Let k(q) be the third derivative of -q**7/840 + q**6/120 - q**3/6 - 5*q**2. Let o(v) be the first derivative of k(v). Determine o(3).
0
Let x = -1 + 4. Let q = 0 + x. Let w(k) = -k**3 + 4*k**2 - 3 - 1 - 3*k + 2*k. Determine w(q).
2
Let r(i) = -i**3 - 5*i**2 + 4*i - 2. Let k be r(-6). Let o(j) = -j + 12. Let b be o(k). Let n(c) = 6*c - 3. Calculate n(b).
9
Let m(n) be the third derivative of n**6/720 + 7*n**5/120 + n**4/12 + 2*n**2. Let t(i) be the second derivative of m(i). What is t(-3)?
4
Let f(r) = -2*r**2 + 26*r - 2. Let q(h) = h**2 + h + 1. Let a(n) = -f(n) + 8*q(n). Let j(c) = 3*c**2 - 6*c + 3. Let s(i) = 2*a(i) - 7*j(i). Give s(3).
8
Let g(p) be the third derivative of p**6/120 + p**4/8 - p**3/2 - 4*p**2. Let u(k) = -k + 8. Let t be u(6). What is g(t)?
11
Suppose -55 = 4*q - 9*q - 4*z, -2*q + z + 22 = 0. Let u(w) = w - 4. Determine u(q).
7
Let b(q) = -q + 4*q**2 - 3*q**3 - 2*q**3 - 2*q**2. Let i = -20 + 23. Suppose -i*p = 5*o + 3 - 26, -5*o = -p - 19. Give b(p).
-4
Let i(x) = -x**3 - 4*x**2 - 2*x - 6. Let y = -5 + 1. What is i(y)?
2
Let a(p) = p**2 + p - 3. Let o be 4*(-1 + 2 + -2). Let m = 0 + o. Give a(m).
9
Let j(t) = t**3 + 6*t**2 - 6*t + 7. Let r be j(-7). Let c(s) = -s + 5. Determine c(r).
5
Suppose 3*y = y. Suppose -f + y + 3 = 0. Let r(g) = 3*g - 3. Give r(f).
6
Let m(q) = -2*q + 2. Let r = 4 - 5. Let f(s) = 2*s. Let k be f(r). What is m(k)?
6
Let y(g) = 13*g**3 + 4*g**2 - 5*g + 11. Let z be ((-3)/(-2))/((-2)/12). Let m(p) = -3*p**3 - p**2 + p - 3. Let t(c) = z*m(c) - 2*y(c). Calculate t(0).
5
Let q(u) = -5*u. Suppose 3*k + 55 - 154 = 0. Let n(x) = 26*x + 1. Let a(g) = k*q(g) + 6*n(g). Let z(c) = 10*c - 7. Let l(o) = 6*a(o) + 5*z(o). What is l(-1)?
5
Let v(b) = 3*b**2 + 3*b - 4. Let q(a) = -a - 1. Let z(x) = -5*q(x) - v(x). Let n(w) = -w**2 - 5 - w + 0 + 3*w**2. Let u(t) = 11*n(t) + 6*z(t). What is u(1)?
4
Let s(y) = -y**3 - 6*y**2 - y + 2. Let n be -9 + -2*6/(-4). Determine s(n).
8
Let l(z) = z + 10. Let f be -10*(12/(-8) + 2). Calculate l(f).
5
Let d = 1 - 4. Let b(a) = -a**3 + 7*a**2 + 3*a + 5. Let s(x) = -x**3 + x**2 + 2. Let z(w) = b(w) - 2*s(w). Determine z(d).
10
Let x(n) = 0 + 3 + 0*n**2 + 4*n**2 - 4*n - 5*n**2. Let d(a) = a**2 + 7*a + 1. Let h be d(-6). Give x(h).
-2
Let c(f) = -2*f**2 - f + 6. Let u(s) = -s**2 + 3. Let v(l) = -3*c(l) + 5*u(l). Suppose 0 = 4*p + p - 45. Suppose p = -4*x - 7. Give v(x).
1
Let k(m) be the third derivative of 1/360*m**6 + 2*m**2 + 0 + 1/6*m**3 + 0*m - 1/4*m**4 + 1/24*m**5. Let f(u) be the first derivative of k(u). Calculate f(-6).
0
Let c(r) be the third derivative of -r**4/24 + r**3/6 + 26*r**2 + 2. Give c(7).
-6
Let u(l) = 2*l**2 - 2*l - 6. Let h(f) = -f**2 + 3*f + 5. Let g(d) = 3*h(d) + 2*u(d). Let j = -25 + 22. Give g(j).
-3
Suppose 4*u - 2*u + l - 15 = 0, 3*l = -u. Let a(f) = -f**2 + 9*f - 2. Determine a(u).
-2
Let w(q) = -q - 1. Suppose -3*c - 20 = -2*h, -4*h - c - 4*c + 18 = 0. What is w(h)?
-8
Let d(p) = -p + 6*p**2 + 7*p + 5*p**3 - 4*p**3 - 3. Give d(-5).
-8
Let y(f) be the first derivative of -f**2/2 + f + 1. Suppose 0 = -d - 0*d + 9. Suppose 14*s - d*s = 25. Give y(s).
-4
Suppose 0 = -3*o - 2*o + 30. Let r be ((-5)/2)/(o/(-12)). Suppose -4*x = r*z - 5, 0 = -5*x - 2*z - 11 - 4. Let w(h) = 2*h + 4. Give w(x).
-6
Let h be (-2)/(-13) + 72/39. Let f(l) = -l - 2*l**h + 3*l**2 + l - 3. Calculate f(3).
6
Let o(z) = 2*z**2 - z**2 + 3 - z + z**3 - 2. Let p(j) = j - 1. Let q(v) = -3*v + 6. Let s(k) = -4*p(k) - q(k). Let w be s(-2). Calculate o(w).
1
Let n(x) be the third derivative of -x**2 + 0 + 0*x - 1/60*x**5 + 0*x**3 - 1/12*x**4. What is n(-3)?
-3
Let s(c) = -c**3 + 9. Suppose k - 15 = 5*a, 3*a - 3 = 3*k - 12. Calculate s(k).
9
Let k(h) = 2*h**2 + 4*h. Let g be k(-3). Let a(j) = j - g*j + 0*j + 2 + 4*j. Calculate a(3).
-1
Suppose 10*h - 7*h = -21. Let u(k) = -k**2 - 9*k - 9. Give u(h).
5
Suppose 2*h = -4*c + 9 - 11, 2*h - 3*c = 5. Let o(m) = -m. What is o(h)?
-1
Let g(t) = t**3 + 8*t**2 - 2*t - 7. Let v(n) = -n - 13. Let h be v(-5). What is g(h)?
9
Let n(u) = -u + 1. Let f be -3*3/(18/(-56)). Let a = f - 18. Suppose 5*t - a + 5 = 0. Calculate n(t).
0
Let v(m) be the first derivative of m**4/4 - 2*m**3/3 - 2*m**2 + 4*m + 21. Give v(3).
1
Suppose 2 = -0*k + k. Let u(s) = -k*s + 2 + 3*s - 2. Give u(0).
0
Let u(r) be the first derivative of r**6/360 + r**5/20 + r**4/8 + 2*r**3/3 + 5. Let c(m) be the third derivative of u(m). Calculate c(-3).
-6
Let t = 16 - -4. Let h(x) = x - t*x**2 + 3*x + 21*x**2 - 3*x - 1. What is h(2)?
5
Let b(f) be the third derivative of f**4/24 + 14*f**3/3 - 18*f**2. Calculate b(0).
28
Let g(q) = 3*q**2 - 5 + 0*q**3 - q**3 + 5*q + 3. Suppose 8 + 2 = 2*c. Suppose -c*y - 10 = 0, 0*o - o = 3*y + 2. Determine g(o).
2
Suppose 3*k - 5*k = -6. Let i be (4/(-5))/(k/(-15)). Let p(q) = -5*q + 7. Let j(c) = c - 1. Let u(s) = 4*j(s) + p(s). Calculate u(i).
-1
Suppose 5*c + 0 + 10 = n, -5*n - 5*c = -20. Let m(y) be the third derivative of -2*y**2 + 0 + 0*y + 1/6*y**3 + 1/60*y**n + 5/24*y**4. Determine m(-4).
-3
Let d be 2/5 - (90/(-25) - 0). Let r(b) = b**3 - 3*b**2 - 4*b + 5. Calculate r(d).
5
Let o(f) = f**2 - f. Let b(y) = y - 4. Let p be b(4). Suppose p*u = u + 1. Let r be (-3 - (u - 1)) + 0. Give o(r).
2
Let n(f) = -f + 1. Let d(p) = -p**2 - 9*p - 2. Let x(s) = -d(s) + 3*n(s). Suppose u = 2*u + 4. What is x(u)?
-3
Let g(b) = -3*b + 2*b - 8 - 2 - 9. What is g(-12)?
-7
Let l = 121/1220 - 3/61. Let k(o) be the second derivative of -5*o - 1/3*o**4 + l*o**5 + 5/6*o**3 + 0 - 2*o**2. Give k(3).
2
Let x(p) be the second derivative of -p**5/20 - p**4/12 - p**3/6 + p**2 + 26*p. Calculate x(-2).
8
Let g(y) be the first derivative of -6*y**3 + y - 8. What is g(1)?
-17
Let j(o) = o**2 + 15*o + 16. Let y be j(-14). Let k(x) = x**3 - 2*x**2 + 1. Determine k(y).
1
Let m(s) = s**2 + 6*s - 5. Let z(g) = g**3 + 9*g**2 + 9*g + 1. Let i be z(-8). Calculate m(i).
2
Let j(l) = -l + 1. Suppose i - 11 = -16. Determine j(i).
6
Let b(k) be the third derivative of 4*k**2 - 1/60*k**5 + 0 - 1/8*k**4 - 1/6*k**3 + 0*k. Calculate b(-3).
-1
Let k(d) = 7*d**3 - 5*d**2 + 4*d - 9. Let o(w) = 20*w**3 - 15*w**2 + 12*w - 26. Let j(h) = 17*k(h) - 6*o(h). Determine j(3).
9
Let v = -2 + 3. Let t(h) = 1 - h + 0*h - 4 + v. Calculate t(-5).
3
Let u(t) be the second derivative of -t**4/12 - 5*t**3/6 - 5*t**2/2 - 22*t. Determine u(-5).
-5
Let l(t) be the second derivative of 0 + 1/4*t**4 + 0*t**3 - 1/2*t**2 - 3*t - 1/20*t**5. Let o be (36/(-30))/((-4)/10). Determine l(o).
-1
Let l be -3*((-2)/(-3) - 1). Suppose b = -3*c - 1, b + 0*c + 2*c = l. Let d(v) = 3*v + 2. Let o(s) = -8*s - 5. Let u(